e tens digit of a?
1
Suppose 23*m + 716 = 27*m. What is the units digit of m?
9
Suppose 1 = -2*h - s, -2*h = -3*h - s - 3. What is the units digit of (-170)/(-5) + h + -1?
5
Let f = -155 + 241. Let s = -51 + f. Suppose 4*j - 2*q + 5*q - s = 0, 0 = 3*j + 2*q - 25. What is the units digit of j?
5
Suppose 0 = 4*m + 2*w - w - 123, -w - 57 = -2*m. Suppose r - z + 3*z = -15, 4*r + 3*z = -35. Let t = m + r. What is the tens digit of t?
2
Let x(o) = -2*o**3 + 2*o**3 - 1 + o**2 - o**3. Suppose 0 = 3*l - 3*n + 6, 0*l - 5*l + n - 10 = 0. What is the units digit of x(l)?
1
What is the tens digit of (-128)/(-24)*84/8*3?
6
Suppose -3*s + 6 = 0, -4*d + 575 = -d + 4*s. Let o = 323 - d. What is the units digit of o?
4
Suppose -b - 2*d + 2 = 0, b + 14 = 5*d + 2. What is the units digit of (-83)/(-2) + 1/b + 4?
5
Let u(j) = j**3 + 2*j**2 - 2*j + 1. Let o be u(1). Suppose 5*z - 170 = 5*f, -z - 2*f = o*f - 14. Let x = z + -21. What is the units digit of x?
9
Suppose 0 = l, -2*j - 3*l = -4 - 0. Suppose j*s - s - 41 = 0. Suppose -2*d + 25 = -s. What is the tens digit of d?
3
Let f be -21*1 - 6/2. Let a = -15 - f. What is the units digit of a?
9
Let y = -32 - -36. Suppose -4*p = -5*u + 512, -4*u = -2*p + y*p - 394. What is the units digit of u?
0
Suppose 19*c + 759 = 22*c. What is the units digit of c?
3
Let o = -19 - -23. Suppose o*c - 268 = 4*k, -2*c + 148 = -0*k + 5*k. What is the tens digit of c?
6
Suppose 1845 - 14228 = -7*i. What is the tens digit of i?
6
Suppose -k + 2*k - 6 = 0. Suppose -s = -4*s + k. Suppose -3*z = -0*z - 2*p + 7, -3*p + 13 = -s*z. What is the units digit of z?
1
Let x(m) be the first derivative of -m**4/4 + 4*m**3/3 + m**2 + m + 5. Let r be x(4). Let v(k) = k**3 - 10*k**2 + 10*k + 5. What is the units digit of v(r)?
4
Suppose -20*k + 1351 = -26229. What is the hundreds digit of k?
3
Let q(b) = -5*b**3 + 10*b**2 + b. Let u(d) = -6*d**3 + 11*d**2 + d. Let g(m) = 5*q(m) - 4*u(m). Let z be g(6). What is the tens digit of z/36 - (-627)/18?
3
Let w = -59 - -62. Suppose w*m - 192 - 239 = 5*o, 2*o = -8. What is the tens digit of m?
3
What is the hundreds digit of 19822/170 + 0 + 3/(-5)?
1
Suppose -10*y = -5*y - 5*k - 9400, 5*y + 2*k - 9365 = 0. What is the thousands digit of y?
1
Let p(a) = a**2 + 14*a + 29. Let z be p(-13). Suppose 49*o + z = 45*o. Let r(v) = v**3 + 7*v**2 + v. What is the tens digit of r(o)?
4
Let d = 20 + -15. Let y(a) = -4 - 3*a**3 + 3*a**3 + d - a**3 + 5*a + 6*a**2. What is the units digit of y(6)?
1
Suppose -2*z + 392 = 84. What is the units digit of z?
4
What is the units digit of (25536/(-420))/(4/(-190))?
8
Let g = -2120 + 5043. What is the tens digit of g?
2
What is the units digit of (6 - (-61352)/36) + (-10)/45?
0
Let z = -4 - -18. Suppose 2*c - f + 14 + 6 = 0, 5*f - 10 = 0. Let a = z + c. What is the units digit of a?
5
Let m = -709 + 1077. What is the units digit of m?
8
Let i(h) = -5*h**2 + 13*h + 100 + 4*h**2 - 86. What is the tens digit of i(13)?
1
Let h(y) = -81*y + 158. What is the hundreds digit of h(-6)?
6
Let g(p) = 12*p + 3. Let q(w) = -36*w - 8. Let a(y) = 18*y + 4. Let r(u) = 13*a(u) + 6*q(u). Let f(n) = -8*g(n) + 5*r(n). What is the tens digit of f(-3)?
1
Let t(b) be the third derivative of b**5/60 + 5*b**3/6 - 2*b**2. Let w be t(4). What is the tens digit of 3/7 + 411/w?
2
Let h = -6236 - -10596. What is the thousands digit of h?
4
Suppose -t - 12 = -15. Suppose 3*l = -t*s + 59 + 256, 2*l = 3*s + 225. What is the tens digit of l?
0
Suppose 3*u = -2*v - 21, -2*u = -5*v + 3*u - 15. Let g be 8/v*42/(-4). Suppose -4*p = -g - 10. What is the units digit of p?
6
Suppose 819 = -9*a + 48*a. What is the tens digit of a?
2
Let f(i) = 4*i**2 + 7*i + 3. Let c be f(7). Suppose 3*h = -2 + 8, 0 = 4*w - 4*h - c. What is the tens digit of w?
6
Suppose -3*a + 10248 = 39*a. What is the hundreds digit of a?
2
Let c = -230 - -293. What is the tens digit of c?
6
Suppose 108*a - 124*a + 29600 = 0. What is the hundreds digit of a?
8
Let p be 12/(-8) + (-15)/(-2). Let b(o) be the first derivative of -o**3/3 + 7*o**2/2 + 4*o + 7. What is the tens digit of b(p)?
1
Suppose -2*c + 19 = 7. What is the hundreds digit of (22/c - 3)/(5/1590)?
2
Let g(l) = 66*l**3 + 5*l**2 - 3*l + 18. What is the hundreds digit of g(4)?
3
Let z(v) = -21*v**3 + 4*v**2 + 7*v + 3. What is the units digit of z(-3)?
5
Suppose 364 + 745 = 3*a + 4*s, 2*a - s - 754 = 0. What is the units digit of a?
5
Let h be 6/(3/(-1)) + -15. Let y = h + 20. Suppose y*g - 64 - 11 = 0. What is the units digit of g?
5
Suppose 3*g + g = 0. Let k = 433 + -319. Suppose g = 4*w - 20, 0 = -3*h + 7*h + 2*w - k. What is the tens digit of h?
2
Let z(a) = 157*a - 83. What is the units digit of z(5)?
2
What is the units digit of (-2*(-3 + 4))/((-14)/12747)?
1
Let u = 11399 - 6675. What is the tens digit of u?
2
Let a = 1 + -1. Suppose h = c - 2 + 3, a = -5*h + c + 13. Suppose -5*q = 2*p + 2*p - 44, 3*q - h*p - 21 = 0. What is the units digit of q?
8
Suppose 91 + 105 = 2*o. Let b = o + 57. Suppose -3*l = 29 - b. What is the tens digit of l?
4
Suppose -2*i - 15 = -7*i. Suppose 3*q - 16 = -2*n, i*q - 3*n - 20 = -4*n. What is the units digit of (3 + (-156)/q)*-2?
3
Let p be ((-2)/(-3))/((-6)/(-3393)). Suppose p + 218 = 7*x. What is the units digit of x?
5
What is the tens digit of 485 + 8/(-16)*2?
8
Let t be 4/(8/3)*30. Let m = 166 + t. What is the units digit of m?
1
Let m(s) = 2*s**2 + 12*s + 13. Let v(u) = -8*u**2 + 4*u + 3. Suppose 2 = -2*z, -2*d + z - 1 = -0. Let o be v(d). What is the tens digit of m(o)?
6
What is the tens digit of (-6)/(-21) - 1*7276/(-14)?
2
Suppose -u + 850 = c - 2*u, c - 840 = -4*u. What is the units digit of c?
8
Let a(v) = -1 - v**3 + 7*v**2 - v - 2 + 3 + 2. Let x be a(6). Let h = -8 + x. What is the tens digit of h?
2
What is the tens digit of -8846*(6 + 13/(-2))?
2
Suppose 0 = 4*u - 567 - 229. Let z = u - 70. What is the tens digit of z?
2
Let v = -30 + 29. Let c(s) = -72*s + 2. What is the units digit of c(v)?
4
Suppose 3*g + 3 = -3*w, 5*g - g = w + 21. Suppose -2*p + 140 = 4*c, -g*p - 2*c + 270 = c. What is the units digit of p?
6
Let t = -1837 + 1878. What is the units digit of t?
1
Suppose 7*d = 3*d + 2*g + 1264, 3*d + 3*g - 930 = 0. What is the units digit of d?
4
Suppose v + 3*v = 12. Let w(n) = 2 - 1 + n**2 - n + 3*n**v - 5*n**3 - 2. What is the units digit of w(-1)?
3
Let s = 288 + -464. Let x = s - -274. What is the units digit of x?
8
Suppose -29*l = -26017 - 8522. What is the tens digit of l?
9
Let o = 250 - 25. What is the units digit of o?
5
Let d(g) = 913*g - 37. What is the tens digit of d(2)?
8
Let q(s) = s**2 + s - 2. Let x be q(2). Suppose x*v = v + 33. What is the tens digit of v?
1
Let n = -57 + 59. Suppose -2 = -2*f, 5*t - n*f - 316 = 2*t. What is the tens digit of t?
0
Suppose -3 = 3*x - 4*x. Suppose -2*j + x*j = 72. What is the units digit of j?
2
Suppose -4*o - 2*b = -66, o + 2*b = 9 + 9. Let v = o + -12. Suppose -15 = -5*t, -v*n + 4*t + 88 = n. What is the units digit of n?
0
What is the units digit of 394/4*(9 - 5)?
4
Let i be (-540)/(-140) - 1/(-7). Suppose -6*c = -i*y - c + 331, 4*y - 381 = -5*c. What is the units digit of y?
9
Suppose 43 + 41 = 4*t + 4*k, -3*t - 2*k = -65. Let o(l) = l**3 + 8*l**2 - 12*l + 11. Let v be o(-9). Let n = v - t. What is the units digit of n?
5
Suppose 5*w + 2*b = 19, -2 = 3*w - 5*b - 1. Let s be (-67)/w + (-2)/3. Let r = 32 + s. What is the units digit of r?
9
Suppose -2*z - 6 = 0, 14*j - 19*j = 2*z - 6274. What is the units digit of j?
6
What is the hundreds digit of (-65)/((-304)/(-44) + -7)?
7
Suppose 6 - 25 = -q + 5*w, 2*q = -4*w - 18. Let y = 9 - q. Suppose 6*z = y*z - 196. What is the units digit of z?
9
Let p = -12 + 20. Let o = p - -1. Let l = o + -1. What is the units digit of l?
8
Let j(m) = 88*m**2 - 2*m + 26. What is the units digit of j(5)?
6
Suppose -4*d = 3*m - 5*d - 829, 0 = 4*m - 5*d - 1098. Let c = m + -147. What is the tens digit of c?
3
Let i(t) = t**2 - 9*t + 20. Let b be i(6). Let u(j) = j**2 + 2*j - 4. Let m be u(-6). Let s = b + m. What is the units digit of s?
2
Suppose 5*w - 5 = 5*z, 4*z + 4 + 0 = 0. Suppose 3*o - 2*o - 3*n - 155 = 0, w = -5*o + 2*n + 814. Suppose 4*r - o = -4. What is the tens digit of r?
4
Suppose 2*o = i - 0*o + 24, o = -2*i - 53. Let w = i + 9. Let k = -9